{"id":68,"date":"2023-01-17T08:01:47","date_gmt":"2023-01-17T08:01:47","guid":{"rendered":"https:\/\/natuerlich.raffiniert.ch\/?page_id=68"},"modified":"2023-01-17T19:23:41","modified_gmt":"2023-01-17T19:23:41","slug":"die-fledermaus","status":"publish","type":"page","link":"https:\/\/natuerlich.raffiniert.ch\/?page_id=68","title":{"rendered":"Die Fledermaus"},"content":{"rendered":"\n<p>Flederm\u00e4use sind faszinierende Lebewesen. Sie geh\u00f6ren, gemeinsam mit den Flughunden, der Ordnung der Fledertiere an. Die nachtaktiven Flugk\u00fcnstler sind die einzigen S\u00e4ugetiere, die aktiv fliegen k\u00f6nnen.<\/p>\n\n\n\n<p>In der Schweiz sind 30 verschiedene Fledermausarten nachgewiesen. Dies entspricht rund einem Drittel aller einheimischen S\u00e4ugetierarten.<\/p>\n\n\n\n<p>Bedauerlicherweise stehen die H\u00e4lfte unserer einheimischen Fledermausarten auf der roten Liste. Das bedeutet, sie sind gef\u00e4hrdet und 27% sind potenziell gef\u00e4hrdet. Die Dachst\u00f6cke bewohnenden und in reich strukturierten Landschaften jagenden Fledermausarten sind am st\u00e4rksten gef\u00e4hrdet. Die Ursachen f\u00fcr den R\u00fcckgang sind vielf\u00e4ltig: Lebensraumverlust, Insektizide und Pestizide sowie die Zerst\u00f6rung von<br>Fledermausquartieren sind nur einige Faktoren, die dazu gef\u00fchrt haben.<\/p>\n\n\n\n<p>In den meisten Industriel\u00e4ndern Westeuropas hat die Zahl der Flederm\u00e4use in den letzten Jahrzehnten stark abgenommen \u2013 so auch in der Schweiz. Flederm\u00e4use sind bedroht und s\u00e4mtliche Arten in der Schweiz aus diesem Grunde gesch\u00fctzt. <\/p>\n\n\n\n<p>Geb\u00e4udeflederm\u00e4use, auch Hausflederm\u00e4use genannt, wohnten zwar urspr\u00fcnglich im Wald, behausen aber als Kulturfolger heute insbesondere auch menschliche Geb\u00e4ude, wo sie in Ritzen und Spalten in den Fassaden- oder Dachverkleidungen oder auch im Geb\u00e4lk von offenen Dachb\u00f6den Unterschlupf finden. Die heute \u00fcbliche Bauweise von Neubauten und auch die zunehmende energetische Sanierung von \u00e4lteren Geb\u00e4uden zielt aber darauf ab, die Geb\u00e4udeh\u00fclle m\u00f6glichst l\u00fcckenlos gegen Zugluft und W\u00e4rmeverluste abzudichten. Hierdurch finden die Geb\u00e4udeflederm\u00e4use immer weniger Spalten in Fassaden und D\u00e4chern, und auch offene Dachb\u00f6den werden immer seltener.<\/p>\n\n\n\n<p>Hier kommt unser Fledermauskasten zum Zug. Als Alternative zu Ritzen und Spalten in Geb\u00e4uden, werden die K\u00e4sten in mindestens 4 m H\u00f6he an Fassaden, B\u00e4umen oder Stangen aufgeh\u00e4ngt. Um den Flederm\u00e4usen ihren An- und Abflug zu erleichtern, sollte der Raum unterhalb des Kastens frei von Hindernissen sein.<\/p>\n","protected":false},"excerpt":{"rendered":"<p>Flederm\u00e4use sind faszinierende Lebewesen. Sie geh\u00f6ren, gemeinsam mit den Flughunden, der Ordnung der Fledertiere an. Die nachtaktiven Flugk\u00fcnstler sind die einzigen S\u00e4ugetiere, die aktiv fliegen k\u00f6nnen. In der Schweiz sind 30 verschiedene Fledermausarten nachgewiesen. Dies entspricht rund einem Drittel aller einheimischen S\u00e4ugetierarten. Bedauerlicherweise stehen die H\u00e4lfte unserer einheimischen Fledermausarten auf der roten Liste. Das bedeutet, &hellip; <\/p>\n<p class=\"link-more\"><a href=\"https:\/\/natuerlich.raffiniert.ch\/?page_id=68\" class=\"more-link\"><span class=\"screen-reader-text\">\u201eDie Fledermaus\u201c<\/span> weiterlesen<\/a><\/p>\n","protected":false},"author":1,"featured_media":0,"parent":61,"menu_order":1,"comment_status":"closed","ping_status":"closed","template":"","meta":[],"_links":{"self":[{"href":"https:\/\/natuerlich.raffiniert.ch\/index.php?rest_route=\/wp\/v2\/pages\/68"}],"collection":[{"href":"https:\/\/natuerlich.raffiniert.ch\/index.php?rest_route=\/wp\/v2\/pages"}],"about":[{"href":"https:\/\/natuerlich.raffiniert.ch\/index.php?rest_route=\/wp\/v2\/types\/page"}],"author":[{"embeddable":true,"href":"https:\/\/natuerlich.raffiniert.ch\/index.php?rest_route=\/wp\/v2\/users\/1"}],"replies":[{"embeddable":true,"href":"https:\/\/natuerlich.raffiniert.ch\/index.php?rest_route=%2Fwp%2Fv2%2Fcomments&post=68"}],"version-history":[{"count":6,"href":"https:\/\/natuerlich.raffiniert.ch\/index.php?rest_route=\/wp\/v2\/pages\/68\/revisions"}],"predecessor-version":[{"id":127,"href":"https:\/\/natuerlich.raffiniert.ch\/index.php?rest_route=\/wp\/v2\/pages\/68\/revisions\/127"}],"up":[{"embeddable":true,"href":"https:\/\/natuerlich.raffiniert.ch\/index.php?rest_route=\/wp\/v2\/pages\/61"}],"wp:attachment":[{"href":"https:\/\/natuerlich.raffiniert.ch\/index.php?rest_route=%2Fwp%2Fv2%2Fmedia&parent=68"}],"curies":[{"name":"wp","href":"https:\/\/api.w.org\/{rel}","templated":true}]}}